ed by 22.
11
Calculate the remainder when 263 is divided by 31.
15
Calculate the remainder when 7362 is divided by 62.
46
What is the remainder when 597 is divided by 20?
17
What is the remainder when 576 is divided by 19?
6
What is the remainder when 36 is divided by 26?
10
Calculate the remainder when 207 is divided by 21.
18
Calculate the remainder when 46 is divided by 11.
2
What is the remainder when 2386 is divided by 44?
10
What is the remainder when 3216 is divided by 320?
16
Calculate the remainder when 80 is divided by 12.
8
What is the remainder when 1084 is divided by 183?
169
Calculate the remainder when 1570 is divided by 12.
10
Calculate the remainder when 1867 is divided by 313.
302
Calculate the remainder when 222 is divided by 22.
2
What is the remainder when 1441 is divided by 55?
11
Calculate the remainder when 175 is divided by 11.
10
What is the remainder when 191 is divided by 117?
74
Calculate the remainder when 406 is divided by 103.
97
What is the remainder when 873 is divided by 167?
38
Calculate the remainder when 990 is divided by 139.
17
What is the remainder when 1196 is divided by 23?
0
What is the remainder when 125 is divided by 9?
8
Calculate the remainder when 1651 is divided by 402.
43
Calculate the remainder when 4205 is divided by 1393.
26
What is the remainder when 222 is divided by 54?
6
Calculate the remainder when 1414 is divided by 454.
52
What is the remainder when 5726 is divided by 17?
14
Calculate the remainder when 451 is divided by 36.
19
What is the remainder when 183 is divided by 17?
13
Calculate the remainder when 1760 is divided by 196.
192
What is the remainder when 24072 is divided by 80?
72
What is the remainder when 112 is divided by 38?
36
What is the remainder when 915 is divided by 20?
15
Calculate the remainder when 657 is divided by 33.
30
Calculate the remainder when 157 is divided by 22.
3
Calculate the remainder when 526 is divided by 72.
22
Calculate the remainder when 301 is divided by 48.
13
What is the remainder when 85 is divided by 39?
7
Calculate the remainder when 1337 is divided by 224.
217
Calculate the remainder when 208 is divided by 104.
0
Calculate the remainder when 204 is divided by 100.
4
What is the remainder when 1965 is divided by 76?
65
Calculate the remainder when 534 is divided by 255.
24
Calculate the remainder when 591 is divided by 54.
51
Calculate the remainder when 36826 is divided by 12.
10
What is the remainder when 6 is divided by 1?
0
What is the remainder when 253 is divided by 55?
33
Calculate the remainder when 617 is divided by 25.
17
What is the remainder when 1834 is divided by 187?
151
Calculate the remainder when 1615 is divided by 60.
55
Calculate the remainder when 922 is divided by 93.
85
What is the remainder when 228 is divided by 89?
50
Calculate the remainder when 21522 is divided by 19.
14
Calculate the remainder when 48 is divided by 10.
8
Calculate the remainder when 10210 is divided by 37.
35
Calculate the remainder when 270 is divided by 87.
9
Calculate the remainder when 72 is divided by 59.
13
What is the remainder when 57069 is divided by 24?
21
What is the remainder when 2775 is divided by 277?
5
Calculate the remainder when 614 is divided by 168.
110
Calculate the remainder when 261 is divided by 8.
5
What is the remainder when 1297 is divided by 22?
21
Calculate the remainder when 385 is divided by 382.
3
Calculate the remainder when 2406 is divided by 14.
12
Calculate the remainder when 147 is divided by 55.
37
What is the remainder when 3752 is divided by 37?
15
Calculate the remainder when 2918 is divided by 86.
80
Calculate the remainder when 623 is divided by 25.
23
Calculate the remainder when 557 is divided by 137.
9
Calculate the remainder when 14674 is divided by 179.
175
Calculate the remainder when 190 is divided by 3.
1
Calculate the remainder when 1992 is divided by 133.
130
Calculate the remainder when 29 is divided by 18.
11
What is the remainder when 1833 is divided by 102?
99
Calculate the remainder when 28319 is divided by 160.
159
What is the remainder when 67 is divided by 21?
4
What is the remainder when 382 is divided by 372?
10
What is the remainder when 7570 is divided by 6?
4
Calculate the remainder when 654 is divided by 55.
49
What is the remainder when 923 is divided by 50?
23
What is the remainder when 1934 is divided by 43?
42
What is the remainder when 571 is divided by 119?
95
Calculate the remainder when 267 is divided by 67.
66
Calculate the remainder when 39 is divided by 8.
7
Calculate the remainder when 448 is divided by 137.
37
What is the remainder when 147 is divided by 30?
27
Calculate the remainder when 293 is divided by 98.
97
What is the remainder when 2584 is divided by 199?
196
Calculate the remainder when 265 is divided by 131.
3
What is the remainder when 3505 is divided by 75?
55
Calculate the remainder when 5304 is divided by 59.
53
Calculate the remainder when 165 is divided by 30.
15
What is the remainder when 3988 is divided by 114?
112
Calculate the remainder when 58 is divided by 25.
8
Calculate the remainder when 2530 is divided by 60.
10
Calculate the remainder when 418 is divided by 123.
49
What is the remainder when 588 is divided by 25?
13
Calculate the remainder when 672 is divided by 52.
48
What is the remainder when 136 is divided by 87?
49
What is the remainder when 46 is divided by 44?
2
What is the remainder when 1354 is divided by 4?
2
Calculate the remainder when 155 is divided by 10.
5
Calculate the remainder when 63446 is divided by 28.
26
Calculate the remainder when 23528 is divided by 26.
24
What is the remainder when 114 is divided by 40?
34
What is the remainder when 80 is divided by 12?
8
Calculate the remainder when 5391 is divided by 1794.
9
What is the remainder when 11241 is divided by 73?
72
What is the remainder when 53 is divided by 47?
6
Calculate the remainder when 709 is divided by 165.
49
Calculate the remainder when 1154 is divided by 1143.
11
Calculate the remainder when 20 is divided by 18.
2
Calculate the remainder when 155 is divided by 25.
5
What is the remainder when 339 is divided by 156?
27
What is the remainder when 2649 is divided by 5?
4
What is the remainder when 927 is divided by 58?
57
What is the remainder when 4407 is divided by 90?
87
Calculate the remainder when 475 is divided by 66.
13
What is the remainder when 336 is divided by 15?
6
Calculate the remainder when 156 is divided by 28.
16
What is the remainder when 204 is divided by 10?
4
What is the remainder when 10244 is divided by 15?
14
What is the remainder when 483 is divided by 156?
15
Calculate the remainder when 337 is divided by 138.
61
What is the remainder when 40 is divided by 13?
1
What is the remainder when 83 is divided by 54?
29
What is the remainder when 45 is divided by 15?
0
Calculate the remainder when 46 is divided by 36.
10
What is the remainder when 658 is divided by 12?
10
Calculate the remainder when 362 is divided by 178.
6
What is the remainder when 1296 is divided by 65?
61
What is the remainder when 230 is divided by 33?
32
Calculate the remainder when 180 is divided by 37.
32
What is the remainder when 278 is divided by 26?
18
What is the remainder when 643 is divided by 12?
7
Calculate the remainder when 750 is divided by 729.
21
What is the remainder when 1846 is divided by 155?
141
What is the remainder when 491 is divided by 13?
10
What is the remainder when 609 is divided by 51?
48
What is the remainder when 150 is divided by 17?
14
Calculate the remainder when 2248 is divided by 9.
7
What is the remainder when 290 is divided by 136?
18
What is the remainder when 273 is divided by 4?
1
What is the remainder when 972 is divided by 15?
12
Calculate the remainder when 151 is divided by 22.
19
What is the remainder when 273 is divided by 74?
51
Calculate the remainder when 2494 is divided by 155.
14
What is the remainder when 657 is divided by 60?
57
What is the remainder when 643 is divided by 245?
153
Calculate the remainder when 250 is divided by 26.
16
What is the remainder when 162 is divided by 59?
44
Calculate the remainder when 40 is divided by 11.
7
Calculate the remainder when 608 is divided by 34.
30
Calculate the rem